{"id":47397,"date":"2026-03-11T14:38:58","date_gmt":"2026-03-11T13:38:58","guid":{"rendered":"https:\/\/www.italpassion.fr\/?post_type=voitures&#038;p=47397"},"modified":"2026-03-11T14:38:58","modified_gmt":"2026-03-11T13:38:58","slug":"ferrari-luce","status":"publish","type":"voitures","link":"https:\/\/www.italpassion.fr\/tr\/voitures\/ferrari-luce\/","title":{"rendered":"Ferrari Luce"},"content":{"rendered":"<p>Geli\u015ftirilmesi s\u0131ras\u0131nda Ferrari Elettrica olarak bilinen Ferrari Luce, Maranello merkezli marka i\u00e7in tarihi bir d\u00f6n\u00fcm noktas\u0131na i\u015faret ediyor. \u0130talyan \u00fcreticinin elektrikli modelleri i\u00e7in \u00f6zel olarak geli\u015ftirilen yeni bir teknolojik platformun a\u00e7\u0131l\u0131\u015f\u0131n\u0131 yapan ilk elektrikli Ferrari 100 %'dir.<\/p>\n\n\n\n<p>Resmi olarak 2025 y\u0131l\u0131nda tan\u0131t\u0131lmas\u0131 planlanan bu Ferrari, d\u00f6rt elektrik motoru ve 1.000 bhp'den fazla g\u00fcce sahip yeni bir mimari benimseyerek markan\u0131n s\u00fcper otomobillerine lay\u0131k bir performans sunmas\u0131n\u0131 sa\u011fl\u0131yor.<\/p>\n\n\n\n<p>Geleneksel Ferrari s\u00fcper otomobillerinden farkl\u0131 olarak Luce, Ferrari GTC4Lusso'nun ruhuna uygun olarak y\u00fcksek performansl\u0131 bir GT'ninkine yak\u0131n bir felsefeyle, ancak daha geni\u015f bir kabin ve daha fazla konforla d\u00f6rt kap\u0131l\u0131, d\u00f6rt koltuklu bir konfig\u00fcrasyona sahiptir.<\/p>","protected":false},"featured_media":47398,"template":"","marque":[710],"class_list":["post-47397","voitures","type-voitures","status-publish","has-post-thumbnail","hentry","marque-voitures-ferrari"],"acf":[],"yoast_head":"<!-- This site is optimized with the Yoast SEO plugin v25.8 - https:\/\/yoast.com\/wordpress\/plugins\/seo\/ -->\n<title>Ferrari Luce : prix, fiche technique<\/title>\n<meta name=\"robots\" content=\"index, follow, max-snippet:-1, max-image-preview:large, max-video-preview:-1\" \/>\n<link rel=\"canonical\" href=\"https:\/\/www.italpassion.fr\/tr\/arabalar\/ferrari-luce\/\" \/>\n<meta property=\"og:locale\" content=\"tr_TR\" \/>\n<meta property=\"og:type\" content=\"article\" \/>\n<meta property=\"og:title\" content=\"Ferrari Luce : prix, fiche technique\" \/>\n<meta property=\"og:description\" content=\"&hellip;\" \/>\n<meta property=\"og:url\" content=\"https:\/\/www.italpassion.fr\/tr\/arabalar\/ferrari-luce\/\" \/>\n<meta property=\"og:site_name\" content=\"ItalPassion\" \/>\n<meta property=\"article:publisher\" content=\"https:\/\/www.facebook.com\/italpassion\" \/>\n<meta property=\"og:image\" content=\"https:\/\/www.italpassion.fr\/wp-content\/uploads\/2026\/03\/ferrari-luce.jpg\" \/>\n\t<meta property=\"og:image:width\" content=\"1200\" \/>\n\t<meta property=\"og:image:height\" content=\"800\" \/>\n\t<meta property=\"og:image:type\" content=\"image\/jpeg\" \/>\n<meta name=\"twitter:card\" content=\"summary_large_image\" \/>\n<meta name=\"twitter:site\" content=\"@italpassion\" \/>\n<script type=\"application\/ld+json\" class=\"yoast-schema-graph\">{\"@context\":\"https:\/\/schema.org\",\"@graph\":[{\"@type\":\"WebPage\",\"@id\":\"https:\/\/www.italpassion.fr\/tr\/voitures\/ferrari-luce\/\",\"url\":\"https:\/\/www.italpassion.fr\/tr\/voitures\/ferrari-luce\/\",\"name\":\"Ferrari Luce : prix, fiche technique\",\"isPartOf\":{\"@id\":\"https:\/\/www.italpassion.fr\/tr\/#website\"},\"primaryImageOfPage\":{\"@id\":\"https:\/\/www.italpassion.fr\/tr\/voitures\/ferrari-luce\/#primaryimage\"},\"image\":{\"@id\":\"https:\/\/www.italpassion.fr\/tr\/voitures\/ferrari-luce\/#primaryimage\"},\"thumbnailUrl\":\"https:\/\/www.italpassion.fr\/wp-content\/uploads\/2026\/03\/ferrari-luce.jpg\",\"datePublished\":\"2026-03-11T13:38:58+00:00\",\"breadcrumb\":{\"@id\":\"https:\/\/www.italpassion.fr\/tr\/voitures\/ferrari-luce\/#breadcrumb\"},\"inLanguage\":\"tr\",\"potentialAction\":[{\"@type\":\"ReadAction\",\"target\":[\"https:\/\/www.italpassion.fr\/tr\/voitures\/ferrari-luce\/\"]}]},{\"@type\":\"ImageObject\",\"inLanguage\":\"tr\",\"@id\":\"https:\/\/www.italpassion.fr\/tr\/voitures\/ferrari-luce\/#primaryimage\",\"url\":\"https:\/\/www.italpassion.fr\/wp-content\/uploads\/2026\/03\/ferrari-luce.jpg\",\"contentUrl\":\"https:\/\/www.italpassion.fr\/wp-content\/uploads\/2026\/03\/ferrari-luce.jpg\",\"width\":1200,\"height\":800,\"caption\":\"Ferrari Luce\"},{\"@type\":\"BreadcrumbList\",\"@id\":\"https:\/\/www.italpassion.fr\/tr\/voitures\/ferrari-luce\/#breadcrumb\",\"itemListElement\":[{\"@type\":\"ListItem\",\"position\":1,\"name\":\"Accueil\",\"item\":\"https:\/\/www.italpassion.fr\/tr\/\"},{\"@type\":\"ListItem\",\"position\":2,\"name\":\"Voitures\",\"item\":\"https:\/\/www.italpassion.fr\/tr\/voitures\/\"},{\"@type\":\"ListItem\",\"position\":3,\"name\":\"Ferrari Luce\"}]},{\"@type\":\"WebSite\",\"@id\":\"https:\/\/www.italpassion.fr\/tr\/#website\",\"url\":\"https:\/\/www.italpassion.fr\/tr\/\",\"name\":\"ItalPassion\",\"description\":\"Les Passionn\u00e9s d&#039;Automobiles Italiennes\",\"publisher\":{\"@id\":\"https:\/\/www.italpassion.fr\/tr\/#organization\"},\"potentialAction\":[{\"@type\":\"SearchAction\",\"target\":{\"@type\":\"EntryPoint\",\"urlTemplate\":\"https:\/\/www.italpassion.fr\/tr\/?s={search_term_string}\"},\"query-input\":{\"@type\":\"PropertyValueSpecification\",\"valueRequired\":true,\"valueName\":\"search_term_string\"}}],\"inLanguage\":\"tr\"},{\"@type\":\"Organization\",\"@id\":\"https:\/\/www.italpassion.fr\/tr\/#organization\",\"name\":\"Italpassion\",\"url\":\"https:\/\/www.italpassion.fr\/tr\/\",\"logo\":{\"@type\":\"ImageObject\",\"inLanguage\":\"tr\",\"@id\":\"https:\/\/www.italpassion.fr\/tr\/#\/schema\/logo\/image\/\",\"url\":\"https:\/\/www.italpassion.fr\/wp-content\/uploads\/2023\/07\/italpassion-yoast.jpg\",\"contentUrl\":\"https:\/\/www.italpassion.fr\/wp-content\/uploads\/2023\/07\/italpassion-yoast.jpg\",\"width\":696,\"height\":696,\"caption\":\"Italpassion\"},\"image\":{\"@id\":\"https:\/\/www.italpassion.fr\/tr\/#\/schema\/logo\/image\/\"},\"sameAs\":[\"https:\/\/www.facebook.com\/italpassion\",\"https:\/\/x.com\/italpassion\",\"https:\/\/www.instagram.com\/italpassionfr\/\",\"https:\/\/www.youtube.com\/channel\/UCleq-ByQaA42OjhopwevRjQ\",\"https:\/\/www.facebook.com\/italpassion.en\/\",\"https:\/\/www.facebook.com\/italpassion.it\/\",\"https:\/\/www.facebook.com\/italpassion.de\/\",\"https:\/\/www.facebook.com\/italpassion.ja\/\"]}]}<\/script>\n<!-- \/ Yoast SEO plugin. -->","yoast_head_json":{"title":"Ferrari Luce: fiyat, teknik veriler","robots":{"index":"index","follow":"follow","max-snippet":"max-snippet:-1","max-image-preview":"max-image-preview:large","max-video-preview":"max-video-preview:-1"},"canonical":"https:\/\/www.italpassion.fr\/tr\/arabalar\/ferrari-luce\/","og_locale":"tr_TR","og_type":"article","og_title":"Ferrari Luce : prix, fiche technique","og_description":"&hellip;","og_url":"https:\/\/www.italpassion.fr\/tr\/arabalar\/ferrari-luce\/","og_site_name":"ItalPassion","article_publisher":"https:\/\/www.facebook.com\/italpassion","og_image":[{"width":1200,"height":800,"url":"https:\/\/www.italpassion.fr\/wp-content\/uploads\/2026\/03\/ferrari-luce.jpg","type":"image\/jpeg"}],"twitter_card":"summary_large_image","twitter_site":"@italpassion","schema":{"@context":"https:\/\/schema.org","@graph":[{"@type":"WebPage","@id":"https:\/\/www.italpassion.fr\/tr\/voitures\/ferrari-luce\/","url":"https:\/\/www.italpassion.fr\/tr\/voitures\/ferrari-luce\/","name":"Ferrari Luce: fiyat, teknik veriler","isPartOf":{"@id":"https:\/\/www.italpassion.fr\/tr\/#website"},"primaryImageOfPage":{"@id":"https:\/\/www.italpassion.fr\/tr\/voitures\/ferrari-luce\/#primaryimage"},"image":{"@id":"https:\/\/www.italpassion.fr\/tr\/voitures\/ferrari-luce\/#primaryimage"},"thumbnailUrl":"https:\/\/www.italpassion.fr\/wp-content\/uploads\/2026\/03\/ferrari-luce.jpg","datePublished":"2026-03-11T13:38:58+00:00","breadcrumb":{"@id":"https:\/\/www.italpassion.fr\/tr\/voitures\/ferrari-luce\/#breadcrumb"},"inLanguage":"tr","potentialAction":[{"@type":"ReadAction","target":["https:\/\/www.italpassion.fr\/tr\/voitures\/ferrari-luce\/"]}]},{"@type":"ImageObject","inLanguage":"tr","@id":"https:\/\/www.italpassion.fr\/tr\/voitures\/ferrari-luce\/#primaryimage","url":"https:\/\/www.italpassion.fr\/wp-content\/uploads\/2026\/03\/ferrari-luce.jpg","contentUrl":"https:\/\/www.italpassion.fr\/wp-content\/uploads\/2026\/03\/ferrari-luce.jpg","width":1200,"height":800,"caption":"Ferrari Luce"},{"@type":"BreadcrumbList","@id":"https:\/\/www.italpassion.fr\/tr\/voitures\/ferrari-luce\/#breadcrumb","itemListElement":[{"@type":"ListItem","position":1,"name":"Accueil","item":"https:\/\/www.italpassion.fr\/tr\/"},{"@type":"ListItem","position":2,"name":"Voitures","item":"https:\/\/www.italpassion.fr\/tr\/voitures\/"},{"@type":"ListItem","position":3,"name":"Ferrari Luce"}]},{"@type":"WebSite","@id":"https:\/\/www.italpassion.fr\/tr\/#website","url":"https:\/\/www.italpassion.fr\/tr\/","name":"ItalPassion","description":"\u0130talyan Araba Merakl\u0131lar\u0131","publisher":{"@id":"https:\/\/www.italpassion.fr\/tr\/#organization"},"potentialAction":[{"@type":"SearchAction","target":{"@type":"EntryPoint","urlTemplate":"https:\/\/www.italpassion.fr\/tr\/?s={search_term_string}"},"query-input":{"@type":"PropertyValueSpecification","valueRequired":true,"valueName":"search_term_string"}}],"inLanguage":"tr"},{"@type":"Organization","@id":"https:\/\/www.italpassion.fr\/tr\/#organization","name":"Italpassion","url":"https:\/\/www.italpassion.fr\/tr\/","logo":{"@type":"ImageObject","inLanguage":"tr","@id":"https:\/\/www.italpassion.fr\/tr\/#\/schema\/logo\/image\/","url":"https:\/\/www.italpassion.fr\/wp-content\/uploads\/2023\/07\/italpassion-yoast.jpg","contentUrl":"https:\/\/www.italpassion.fr\/wp-content\/uploads\/2023\/07\/italpassion-yoast.jpg","width":696,"height":696,"caption":"Italpassion"},"image":{"@id":"https:\/\/www.italpassion.fr\/tr\/#\/schema\/logo\/image\/"},"sameAs":["https:\/\/www.facebook.com\/italpassion","https:\/\/x.com\/italpassion","https:\/\/www.instagram.com\/italpassionfr\/","https:\/\/www.youtube.com\/channel\/UCleq-ByQaA42OjhopwevRjQ","https:\/\/www.facebook.com\/italpassion.en\/","https:\/\/www.facebook.com\/italpassion.it\/","https:\/\/www.facebook.com\/italpassion.de\/","https:\/\/www.facebook.com\/italpassion.ja\/"]}]}},"_links":{"self":[{"href":"https:\/\/www.italpassion.fr\/tr\/wp-json\/wp\/v2\/voitures\/47397","targetHints":{"allow":["GET"]}}],"collection":[{"href":"https:\/\/www.italpassion.fr\/tr\/wp-json\/wp\/v2\/voitures"}],"about":[{"href":"https:\/\/www.italpassion.fr\/tr\/wp-json\/wp\/v2\/types\/voitures"}],"wp:featuredmedia":[{"embeddable":true,"href":"https:\/\/www.italpassion.fr\/tr\/wp-json\/wp\/v2\/media\/47398"}],"wp:attachment":[{"href":"https:\/\/www.italpassion.fr\/tr\/wp-json\/wp\/v2\/media?parent=47397"}],"wp:term":[{"taxonomy":"marque","embeddable":true,"href":"https:\/\/www.italpassion.fr\/tr\/wp-json\/wp\/v2\/marque?post=47397"}],"curies":[{"name":"wp","href":"https:\/\/api.w.org\/{rel}","templated":true}]}}

<p>Geliştirilmesi sırasında Ferrari Elettrica olarak bilinen Ferrari Luce, Maranello merkezli marka için tarihi bir dönüm noktasına işaret ediyor. İtalyan üreticinin elektrikli modelleri için özel olarak geliştirilen yeni bir teknolojik platformun açılışını yapan ilk elektrikli Ferrari 100 %'dir.</p>



<p>Resmi olarak 2025 yılında tanıtılması planlanan bu Ferrari, dört elektrik motoru ve 1.000 bhp'den fazla güce sahip yeni bir mimari benimseyerek markanın süper otomobillerine layık bir performans sunmasını sağlıyor.</p>



<p>Geleneksel Ferrari süper otomobillerinden farklı olarak Luce, Ferrari GTC4Lusso'nun ruhuna uygun olarak yüksek performanslı bir GT'ninkine yakın bir felsefeyle, ancak daha geniş bir kabin ve daha fazla konforla dört kapılı, dört koltuklu bir konfigürasyona sahiptir.</p>

<!-- This site is optimized with the Yoast SEO plugin v25.8 - https://yoast.com/wordpress/plugins/seo/ -->
<title>Ferrari Luce : prix, fiche technique</title>
<meta name="robots" content="index, follow, max-snippet:-1, max-image-preview:large, max-video-preview:-1" />
<link rel="canonical" href="https://www.italpassion.fr/tr/arabalar/ferrari-luce/" />
<meta property="og:locale" content="tr_TR" />
<meta property="og:type" content="article" />
<meta property="og:title" content="Ferrari Luce : prix, fiche technique" />
<meta property="og:description" content="&hellip;" />
<meta property="og:url" content="https://www.italpassion.fr/tr/arabalar/ferrari-luce/" />
<meta property="og:site_name" content="ItalPassion" />
<meta property="article:publisher" content="https://www.facebook.com/italpassion" />
<meta property="og:image" content="https://www.italpassion.fr/wp-content/uploads/2026/03/ferrari-luce.jpg" />
	<meta property="og:image:width" content="1200" />
	<meta property="og:image:height" content="800" />
	<meta property="og:image:type" content="image/jpeg" />
<meta name="twitter:card" content="summary_large_image" />
<meta name="twitter:site" content="@italpassion" />
<script type="application/ld+json" class="yoast-schema-graph">{"@context":"https://schema.org","@graph":[{"@type":"WebPage","@id":"https://www.italpassion.fr/tr/voitures/ferrari-luce/","url":"https://www.italpassion.fr/tr/voitures/ferrari-luce/","name":"Ferrari Luce : prix, fiche technique","isPartOf":{"@id":"https://www.italpassion.fr/tr/#website"},"primaryImageOfPage":{"@id":"https://www.italpassion.fr/tr/voitures/ferrari-luce/#primaryimage"},"image":{"@id":"https://www.italpassion.fr/tr/voitures/ferrari-luce/#primaryimage"},"thumbnailUrl":"https://www.italpassion.fr/wp-content/uploads/2026/03/ferrari-luce.jpg","datePublished":"2026-03-11T13:38:58+00:00","breadcrumb":{"@id":"https://www.italpassion.fr/tr/voitures/ferrari-luce/#breadcrumb"},"inLanguage":"tr","potentialAction":[{"@type":"ReadAction","target":["https://www.italpassion.fr/tr/voitures/ferrari-luce/"]}]},{"@type":"ImageObject","inLanguage":"tr","@id":"https://www.italpassion.fr/tr/voitures/ferrari-luce/#primaryimage","url":"https://www.italpassion.fr/wp-content/uploads/2026/03/ferrari-luce.jpg","contentUrl":"https://www.italpassion.fr/wp-content/uploads/2026/03/ferrari-luce.jpg","width":1200,"height":800,"caption":"Ferrari Luce"},{"@type":"BreadcrumbList","@id":"https://www.italpassion.fr/tr/voitures/ferrari-luce/#breadcrumb","itemListElement":[{"@type":"ListItem","position":1,"name":"Accueil","item":"https://www.italpassion.fr/tr/"},{"@type":"ListItem","position":2,"name":"Voitures","item":"https://www.italpassion.fr/tr/voitures/"},{"@type":"ListItem","position":3,"name":"Ferrari Luce"}]},{"@type":"WebSite","@id":"https://www.italpassion.fr/tr/#website","url":"https://www.italpassion.fr/tr/","name":"ItalPassion","description":"Les Passionnés d&#039;Automobiles Italiennes","publisher":{"@id":"https://www.italpassion.fr/tr/#organization"},"potentialAction":[{"@type":"SearchAction","target":{"@type":"EntryPoint","urlTemplate":"https://www.italpassion.fr/tr/?s={search_term_string}"},"query-input":{"@type":"PropertyValueSpecification","valueRequired":true,"valueName":"search_term_string"}}],"inLanguage":"tr"},{"@type":"Organization","@id":"https://www.italpassion.fr/tr/#organization","name":"Italpassion","url":"https://www.italpassion.fr/tr/","logo":{"@type":"ImageObject","inLanguage":"tr","@id":"https://www.italpassion.fr/tr/#/schema/logo/image/","url":"https://www.italpassion.fr/wp-content/uploads/2023/07/italpassion-yoast.jpg","contentUrl":"https://www.italpassion.fr/wp-content/uploads/2023/07/italpassion-yoast.jpg","width":696,"height":696,"caption":"Italpassion"},"image":{"@id":"https://www.italpassion.fr/tr/#/schema/logo/image/"},"sameAs":["https://www.facebook.com/italpassion","https://x.com/italpassion","https://www.instagram.com/italpassionfr/","https://www.youtube.com/channel/UCleq-ByQaA42OjhopwevRjQ","https://www.facebook.com/italpassion.en/","https://www.facebook.com/italpassion.it/","https://www.facebook.com/italpassion.de/","https://www.facebook.com/italpassion.ja/"]}]}</script>
<!-- / Yoast SEO plugin. -->

İtalyan Araba Meraklıları
